?
True
Is 725981 a prime number?
True
Is 1049677 composite?
False
Is 6164243 prime?
True
Is 53499157 a prime number?
True
Is 20212831 a composite number?
False
Is 94951297 a prime number?
False
Is 129743633 composite?
False
Is 21805717 a prime number?
False
Is 7067611 a prime number?
True
Is 4967959 composite?
True
Is 3111103 prime?
False
Is 7236629 prime?
False
Is 38769917 composite?
False
Is 8551313 a prime number?
True
Is 62628521 prime?
True
Is 798781 a prime number?
True
Is 18590347 composite?
False
Is 7211357 prime?
False
Is 559271 prime?
False
Is 1148207 composite?
True
Is 25409383 composite?
False
Is 2807591 composite?
False
Is 315247 prime?
True
Is 176989 prime?
True
Is 365123233 a prime number?
True
Is 105818117 prime?
True
Is 1316171 a prime number?
False
Is 30563149 prime?
True
Is 745081 prime?
False
Is 57620711 composite?
True
Is 219662009 composite?
True
Is 223543 a prime number?
True
Is 13170953 a composite number?
True
Is 825466607 composite?
True
Is 37002079 a prime number?
True
Is 153409889 composite?
True
Is 82048597 prime?
True
Is 10546823 a prime number?
False
Is 1149877 composite?
True
Is 139841319 prime?
False
Is 19033289 prime?
False
Is 10783211 composite?
True
Is 328774481 a composite number?
True
Is 724342693 a prime number?
True
Is 6457903 prime?
False
Is 2346613 a composite number?
True
Is 32929979 prime?
True
Is 8574623 composite?
False
Is 1422019 a composite number?
True
Is 9444713 a prime number?
True
Is 30023183 a prime number?
False
Is 315241309 a composite number?
False
Is 42776729 a composite number?
False
Is 773831 a composite number?
False
Is 48602287 prime?
True
Is 163547 a prime number?
False
Is 336121 composite?
False
Is 3874911 composite?
True
Is 188927 composite?
False
Is 146328869 prime?
True
Is 24574323 a composite number?
True
Is 1534051 composite?
False
Is 4609903 prime?
False
Is 56592053 prime?
False
Is 680097863 prime?
True
Is 2624483 a prime number?
True
Is 7580509 a prime number?
True
Is 18281113 composite?
True
Is 680189 prime?
True
Is 1517482 composite?
True
Is 1240667 prime?
True
Is 65175865 a composite number?
True
Is 3551423 a composite number?
True
Is 20638417 prime?
True
Is 140424491 a composite number?
False
Is 486503 composite?
False
Is 14105719 composite?
True
Is 12199639 composite?
True
Is 177929 a composite number?
False
Is 1132051 a prime number?
False
Is 129035059 prime?
True
Is 2839057 composite?
True
Is 1369067 composite?
True
Is 11002549 composite?
False
Is 5575043 composite?
False
Is 236192477 a prime number?
False
Is 10715099 prime?
True
Is 5077585 a composite number?
True
Is 25695093 a prime number?
False
Is 1721987 a prime number?
False
Is 2028458 a prime number?
False
Is 695207 a composite number?
False
Is 14645441 a composite number?
False
Is 1031593 composite?
False
Is 20018917 a prime number?
False
Is 32086739 a composite number?
False
Is 25159139 composite?
True
Is 4887951 composite?
True
Is 12274499 composite?
True
Is 57916183 prime?
False
Is 65972497 a composite number?
False
Is 374151107 a composite number?
True
Is 49236167 prime?
True
Is 12770053 a prime number?
True
Is 11770283 a composite number?
True
Is 11761457 prime?
True
Is 147853 a prime number?
True
Is 6612427 prime?
True
Is 1520821 prime?
True
Is 649174 a composite number?
True
Is 1172893 composite?
False
Is 13651043 composite?
True
Is 53561413 a prime number?
False
Is 2333753 a prime number?
False
Is 44039851 a composite number?
False
Is 16311419 composite?
False
Is 1372394 a prime number?
False
Is 6732203 prime?
False
Is 26952611 a prime number?
False
Is 3254969 a composite number?
True
Is 10059358 composite?
True
Is 23351771 a composite number?
False
Is 37049659 prime?
True
Is 7781057 a composite number?
False
Is 201610631 a composite number?
False
Is 76907 a prime number?
True
Is 4262639 a composite number?
False
Is 551329 composite?
True
Is 129679 a prime number?
False
Is 236100899 a composite number?
True
Is 49249873 composite?
False
Is 257858489 composite?
True
Is 62435161 composite?
False
Is 31423723 a composite number?
True
Is 10019173 a composite number?
True
Is 2088418 a composite number?
True
Is 240119863 composite?
True
Is 1378115 composite?
True
Is 497897 composite?
True
Is 57161459 a composite number?
False
Is 88628011 a prime number?
False
Is 162504757 prime?
False
Is 2993269 composite?
False
Is 226691 prime?
True
Is 452370349 a prime number?
False
Is 631168955 composite?
True
Is 3335443 a prime number?
False
Is 8020279 a prime number?
False
Is 32717182 prime?
False
Is 13957703 prime?
True
Is 23846455 a prime number?
False
Is 54047069 a composite number?
False
Is 204411341 composite?
True
Is 14497087 a prime number?
False
Is 129907633 prime?
True
Is 55363537 prime?
True
Is 132199519 prime?
False
Is 677681 prime?
True
Is 398351 composite?
True
Is 9277939 composite?
True
Is 1407461 prime?
False
Is 2216129 a composite number?
True
Is 612377483 prime?
True
Is 59362687 composite?
False
Is 126619 a prime number?
False
Is 18912241 composite?
False
Is 1260691 prime?
True
Is 385258 prime?
False
Is 8994899 a prime number?
True
Is 195081662 a composite number?
True
Is 852241 composite?
True
Is 29921473 composite?
False
Is 7301917 a prime number?
False
Is 10813861 a prime number?
True
Is 9588817 a prime number?
False
Is 149186381 prime?
True
Is 11000273 a prime number?
True
Is 40772921 prime?
False
Is 6205403 composite?
True
Is 3746903 a prime number?
False
Is 8081429 composite?
True
Is 453802 a composite number?
True
Is 63906805 a prime number?
False
Is 3437521 a composite number?
False
Is 205539727 a composite number?
False
Is 722609 composite?
True
Is 86709761 composite?
True
Is 3080317 composite?
True
Is 90781111 composite?
True
Is 40366511 prime?
True
Is 3328291 a prime number?
True
Is 101650201 composite?
False
Is 8659435 composite?
True
Is 11719813 a composite number?
True
Is 481734731 a prime number?
False
Is 68770781 a composite number?
True
Is 299609 composite?
True
Is 41717743 composite?
True
Is 179176747 a composite number?
False
Is 6541429 a composite number?
False
Is 31371943 prime?
False
Is 1485101 prime?
True
Is 3829531 composite?
False
Is 75070733 a prime number?
False
Is 4930073 prime?
False
Is 38914133 a prime number?
True
Is 31102261 a composite number?
True
Is 688642 a prime number?
False
Is 4328491 prime?
False
Is 130310407 composite?
True
Is 48957733 a prime number?
False
Is 885919 prime?
True
Is 1973893 a prime number?
True
Is 27131635 prime?
False
Is 6890633 composite?
False
Is 2882599 composite?
False
Is 26155183 composite?
False
Is 60139943 a composite number?
False
Is 29515461 a composite number?
True
Is 638423 a prime number?
True
Is 24856723 composite?
True
Is 20999317 prime?
True
Is 6282509 a prime number?
False
Is 306098777 a composite number?
False
Is 256799507 composite?
False
Is 486401813 composite?
True
Is 372767701 composite?
False
Is 1763239 a prime number?
False
Is 34217845 a prime number?
False
Is 104220767 a composite number?
True
Is 5131627 a composite number?
False
Is 15777433 a composite number?
True
Is 2207951 prime?
True
Is 2291933 prime?
False
Is 7298819 prime?
False
Is 823789253 a composite number?
True
Is 8224031 composite?
False
Is 745924831 a composite number?
False
Is 73801473 a prime number?
False
Is 4234339 a prime number?
False
Is 77353513 a composite number?
False
Is 8339577 a prime number?
False
Is 17792765 prime?
False
Is 13814587 composite?
True
Is 89449 a composite number?
False
Is 5977801 prime?
True
Is 2838359 a composite number?
False
Is 787801 prime?
False
Is 1459247 a composite number?
True
Is 8565967 a composite number?
True
Is 116663 a composite number?
False
Is 1556501 a composite number?
False
Is 127881281 a composite number?
True
Is 75927319 prime?
False
Is 328541 prime?
False
Is 87930809 composite?
False
Is 16850833 a prime number?
True
Is 8355037 prime?
False
Is 13701469 prime?
False
Is 276079 prime?
True
Is 248401957 prime?
False
Is 35528183 prime?
True
Is 806543 a composite number?
False
Is 21756337 composite?
False
Is 33352687 a prime number?
True
Is 28839847 a composite number?
False
Is 44580839 prime?
True
Is 49241303 a composite number?
False
Is 480044813 prime?
True
Is 280532437 a prime number?
True
Is 14591 a composite